 - -74. What are the prime factors of q?
2, 43
Suppose -4*m + 7 = 5*a, 4*m + 0 = -8. Suppose 6 = u + 2*w, 7*u - 2*u - 23 = -a*w. What are the prime factors of (-18)/(u/(32/(-12)))?
2, 3
Suppose -203 = -2*o + 1131. What are the prime factors of o?
23, 29
Let h = -410 + 412. Suppose -8*i + 4*i = -16. What are the prime factors of (i/h)/((-2)/(-10))?
2, 5
Let r = -11 - -27. Let o(j) = 2*j + 12. Let u be o(-6). Suppose u = -v - v + r. List the prime factors of v.
2
Let g be (0/(-1 - 0))/2. Suppose g = -w - w - 54. List the prime factors of 6/w - (-20)/9.
2
Suppose 1055 = 21*o - 7429. What are the prime factors of o?
2, 101
Let r = 31 + -26. Suppose 4*s - 7*s - 23 = -r*b, 2*s = 2*b - 6. List the prime factors of b.
7
Let s(g) = -29*g**3 - 10*g**2 - 17*g + 7. What are the prime factors of s(-4)?
7, 11, 23
List the prime factors of (3 - 1139/5)/(18/(-45)).
2, 281
Let f = 20 - 20. Suppose 3*g - 12 = f, 4*c - 6 = c + 3*g. Let x = c - -3. What are the prime factors of x?
3
Let r(u) = u**3 + 11*u**2 - 27*u - 30. What are the prime factors of r(7)?
3, 13, 17
Let f(v) = 3*v**2 - 4*v + 5. Suppose m = -4*u - 35, 5*u - 5*m = -m - 28. List the prime factors of f(u).
229
Suppose -6*q + 140 = -8*q. Let v = q - -139. List the prime factors of v.
3, 23
Suppose 6*i + 11*i = 102. Suppose 7*s = i*s + 166. List the prime factors of s.
2, 83
Let r be (16*-2)/(-4) - 2. Suppose -r*o - 168 = -9*o. Suppose s - 2*p - 56 = -p, o = s - 5*p. What are the prime factors of s?
2, 7
Let y = 7 + -4. Suppose -y*a = -3*x - 330, a - 2*a = -5*x - 102. Suppose -2*d + 5*d - 72 = 3*j, -5*j + a = 3*d. List the prime factors of d.
29
Let c be ((-26976)/14)/(-3) + 12/(-42). Suppose -c = -17*w + 11*w. What are the prime factors of w?
107
Let b = -49 + -636. What are the prime factors of b/(-10) + (-12)/(-8)?
2, 5, 7
Let b = 1013 + -564. What are the prime factors of b?
449
Let c = -491 - -710. Let y = -27 + c. List the prime factors of y.
2, 3
Let m be (-364)/6*-3 - -1. Let x = m - 108. What are the prime factors of x?
3, 5
Suppose 0 = -0*l - l + 12. Suppose 3*u - l = 6. Suppose -12 = u*i - 138. What are the prime factors of i?
3, 7
Suppose 4*b + 5*g - 3964 = 0, -2*g - 1427 = -2*b + 555. List the prime factors of b.
991
List the prime factors of ((-258)/645)/((1 + -3)/8610).
2, 3, 7, 41
List the prime factors of (-1 + -8)/(-3) + -20 + 1112.
3, 5, 73
Suppose -4*g = -2*j - j - 2, 5*j = 4*g + 2. Suppose -3 = g*q + 1. List the prime factors of (-1413)/(-45) - q/(-5).
31
Let y(l) = -1047*l**3 - l - 3. List the prime factors of y(-1).
5, 11, 19
Let q be 1/2 - 126/(-12). Suppose q*j = 7*j + 60. Let p(f) = 2*f - 6. What are the prime factors of p(j)?
2, 3
Let v(b) = -86*b - 33. What are the prime factors of v(-7)?
569
Let s = 601 + -399. Suppose -4*r = 5*h - s, 0 = 2*r + 5*h - 3*h - 102. Suppose 0 = 2*t + 1 - r. List the prime factors of t.
2, 13
Let n(f) = 161*f**2 - 53*f - 1. What are the prime factors of n(2)?
3, 179
Let z(h) = -2*h**3 + 0*h**3 + 5*h + 5*h**3 - 2*h**3 - 3 + 7*h**2. Suppose g - 2*f = -12, 5*g + 9 = 3*f - 23. What are the prime factors of z(g)?
5
Suppose -2*r + 9*r - 21 = 0. Suppose c = -r + 5. Suppose 47 = 4*l - l - c*o, -3*o = -l + 11. List the prime factors of l.
17
Suppose y = 3*n + n - 13, -5*n = -y - 17. Suppose n*b = 73 + 3. List the prime factors of b.
19
Let x(d) = -d**3 + 4*d**2 - d. Let p be x(3). Suppose -p*j = -7*j + 2. Let a = 6 + j. List the prime factors of a.
2
Let b(q) be the third derivative of q**6/20 + q**5/60 - q**4/12 + q**3 - 29*q**2. What are the prime factors of b(2)?
2, 3
Let t = 3 - -60. List the prime factors of (-2822)/(-18) + (t/(-81) - -1).
157
Let a(x) be the third derivative of -7*x**4/12 - x**3/6 - 22*x**2. List the prime factors of a(-4).
5, 11
Let o(b) = 83*b + 151. List the prime factors of o(3).
2, 5
Suppose -5*f - 10 = 5*v, -2*v = 3*v + 20. Suppose 72 = f*m + 2*m. Let u = m - -7. What are the prime factors of u?
5
Suppose -4*k - r = 1138, 0 = -0*k + k + 2*r + 281. Let n be (1 - -1 - 3)*k. What are the prime factors of (-8)/(-2)*n/76?
3, 5
Let q(v) = 105*v**2 - 6*v - 10. List the prime factors of q(3).
7, 131
Suppose 16*s - 38*s + 4092 = 0. What are the prime factors of s?
2, 3, 31
Let v = -159 + 174. What are the prime factors of 5/(v/381) + 0?
127
Suppose 139 = 5*f - 6. Suppose i - 1 = f. List the prime factors of i.
2, 3, 5
Let s = 28 - 24. List the prime factors of (s/1 - -53) + 0.
3, 19
Suppose -553 = -2*y + 1627. List the prime factors of y.
2, 5, 109
What are the prime factors of (37 + -355)/(4/(-10))?
3, 5, 53
Let g = 115 - 74. Suppose -f + g = -162. List the prime factors of f.
7, 29
Let w = -4 - -6. Suppose w*l + 0 - 10 = -2*v, 4*l = -3*v + 18. Suppose -u - l*u - 5*q + 115 = 0, 3*q - 59 = -2*u. List the prime factors of u.
5
Let s = -12 - -99. What are the prime factors of s?
3, 29
Let r = -10 - -65. Suppose r*x - 58*x = -327. What are the prime factors of x?
109
Suppose v + 20 = -5*s - 10, -v = -5*s - 20. Let d be (s + 4)*(-6 + 3). Suppose 4*r - 88 - 24 = -2*a, -d*r - 5*a = -77. What are the prime factors of r?
29
Let h(q) = 21*q**3 - 2*q**2 + q - 2. Suppose c - 2*c = -2*z + 6, -20 = -5*z. What are the prime factors of h(c)?
2, 5
Suppose -2*t - 8 - 12 = 0. Let c = -7 - t. What are the prime factors of c?
3
Suppose 2*y = -2*u + 268, -5 = u - 2. Suppose f - 2*f + y = 4*t, -t = -4. List the prime factors of f.
11
Suppose 0 = 2*j + 7 - 15. Suppose 0 = j*z - z - 6. Suppose z*g - 3*g + 13 = 0. List the prime factors of g.
13
Let v(g) be the first derivative of -g**3/3 + 3*g**2/2 + g - 4. Let l be v(3). Let x(d) = 35*d**2 + 2*d - 1. List the prime factors of x(l).
2, 3
Suppose 9*b = 4*b. Suppose b*z - 2*z = -76. What are the prime factors of z?
2, 19
Suppose 0 = -4*z - 10 + 202. Let i(f) = -f**2 - f - 25. Let c be i(0). Let y = c + z. What are the prime factors of y?
23
Suppose -b = 2*l - 12, -b = 4*b - 20. Suppose 2*j + l = 12. List the prime factors of 3 - (16/j - 28).
3
Let x be ((-28)/10)/((-4)/40). Let u be (-1 - (-20)/(-3))/(30/(-360)). Suppose -u = -4*z + x. List the prime factors of z.
2, 3, 5
Let z = 1232 - 997. List the prime factors of z.
5, 47
Let y be (35/15 + -5)*(-3)/4. Suppose -2*i = o - 316, -2*i + 0*o + y*o = -310. List the prime factors of i.
157
Let l = 235 - -1993. What are the prime factors of l?
2, 557
Let x be 15*3/(-12)*4. Let j(y) = -y**2 - 23*y - 12. What are the prime factors of j(x)?
2, 3
Suppose -78225 = -36*k + 7419. List the prime factors of k.
3, 13, 61
Let u = 123 + -113. Suppose u*b - 15*b = -795. List the prime factors of b.
3, 53
Let g(w) = -6 - w + 0*w + 2*w**2 + 3 + 0. List the prime factors of g(2).
3
Let a(b) = -15*b**3 + 5*b**2 + 7*b + 22. What are the prime factors of a(-5)?
1987
Suppose 82*c = 138829 + 95609. List the prime factors of c.
3, 953
Let d = -143 - -65. Let l = d - -142. List the prime factors of l.
2
Suppose -10*d + 9*d = 9*d. Let h(l) = l**2 + 2*l - 4. Let z be h(6). Let j = d + z. What are the prime factors of j?
2, 11
Let b(a) = 55*a**3 - 6*a**2 - 5*a - 9. What are the prime factors of b(4)?
5, 7, 97
Let f(n) = -n**2 + 16*n**3 - 3*n + 18*n**3 + 5*n**2 - 33*n**3 + 1. Let p = -2 - -4. List the prime factors of f(p).
19
Suppose w = -4*p + 27, 5*w - 263 + 83 = -5*p. Let f(g) = -2*g**2 + 8*g + 4. Let l be f(6). Let k = w + l. List the prime factors of k.
19
Let r(o) = -1 + 0 - 2*o - 13*o. Let z be 54/(-135)*5*1. List the prime factors of r(z).
29
Suppose 24 = -9*q + 168. Let n(l) = l**2 - 14*l - 16. What are the prime factors of n(q)?
2
Let g(b) = -4*b + 3. Let w be (-2)/(((-6)/9)/(-1)). Let a be g(w). Suppose -x + a - 5 = 0. What are the prime factors of x?
2, 5
Let g = -6 - -11. Suppose 3*t + t - 9 = -g*a, 5*t - 42 = 4*a. What are the prime factors of (-15)/(-10)*44/t?
11
Suppose 126 = 4*i - 66. Suppose 4*g = -4*x + i, -4*x - 8 = -4*g + 64. Suppose 0 = 5*r - 4*w - 85, 5*r - 60 = 2*w + g. What are the prime factors of r?
13
Let t = 1678 + 954. What are the prime factors of t?
2, 7, 47
Let p = 7611 + -4126. What are the prime factors of p?
5, 17, 41
Suppose 4*d = -5*n + 1930, 0 = -3*n - 0*n + d + 1175. What are the prime factors of n?
2, 3, 5, 13
Let h(c) = -59*c - 265. What are the prime factors of h(-11)?
2, 3
Let g(a) = 30*a**2 - 9*a + 2. What are the prime factors of g(-5)?
797
